 + 2*l. What is the remainder when o(-3) is divided by 8 + 10*8/20?
9
Let d = -105 - -109. Suppose -2*v = -3*v - 4*c + 40, d*v - 138 = -5*c. Calculate the remainder when 127 is divided by v.
31
Let d = 739 - -1170. Suppose -8*y + d = 1333. Calculate the remainder when y is divided by 45.
27
Suppose 252*b + 237*b - 505*b = -5664. What is the remainder when 455 is divided by b?
101
Let p be 4 + (1 + 0 - 0). Suppose 223*u + 2228*u - 36765 = 0. Calculate the remainder when 2/(-10) - (-281)/p is divided by u.
11
Suppose -277*v = -281*v + 3*b + 434, -v + 121 = -2*b. What is the remainder when v is divided by (-6)/(-33) - (-174)/11?
5
Suppose 366*b + 138 = 369*b. Calculate the remainder when 45 is divided by ((-81)/(-54))/(b/(-52) - -1).
6
Let z(g) = 316*g - 3771. Calculate the remainder when 1027 is divided by z(12).
19
Let h(q) = -q**3 - 15*q**2 + 20. Let f(u) = -2*u**2 + 5*u + 10. Let r be f(5). Let z be h(r). What is the remainder when 68 is divided by z/(-1)*((-27)/6 + 4)?
8
Let u = -19 - -35. Let a be -14*(-7)/(14/(-15)). Let s = -75 - a. Calculate the remainder when s is divided by u.
14
Let u(z) be the second derivative of -z**3/3 + 49*z**2/2 - 37*z. What is the remainder when 51 is divided by u(12)?
1
Suppose -3*g + 497 = r, 4*g + 6*r - 651 = 3*r. What is the remainder when 287 is divided by g?
119
Let z = 36474 - 36138. Calculate the remainder when 681 is divided by z.
9
Suppose 0 = -23*h + 3365 + 3949. Calculate the remainder when h is divided by 29.
28
Suppose -7*g - 18*g + 27850 - 25725 = 0. Calculate the remainder when g is divided by 45.
40
Suppose -o - 4 = 0, 32*f + 2*o - 560 = 30*f. What is the remainder when 296 is divided by f?
12
Let g(t) = t**3 + 8*t**2 + 4*t - 21. Calculate the remainder when 59 is divided by g(-4).
5
Let m = 4 + 67. Suppose 75*u - m*u = 104. What is the remainder when 98 is divided by u?
20
Suppose 0 = -5*r + 5, 3*h - 230*r = -226*r + 11648. What is the remainder when h is divided by 16?
12
Suppose -4*s - 90 = -8*s + 2*w, 5*s - 3*w = 114. Suppose s*i = 16*i + 2*c + 1550, 0 = -c. What is the remainder when i is divided by 39?
37
What is the remainder when 4*((35 - 12) + 63) is divided by 7?
1
Let n(c) = 3*c**3 + 6*c**2 + 6*c + 5. Let t be n(-4). Let i be (-5)/1*(-20)/100 - t. Suppose 7*a - i = 3*a. Calculate the remainder when 202 is divided by a.
28
Let m(d) = 11*d + 29. Let x be m(2). Let f = x + -41. What is the remainder when 78 + 3 + -2*1 is divided by f?
9
Let o(t) = 4*t**2 + t. What is the remainder when (-3276)/(-52) + (30 - 11) is divided by o(-2)?
12
Let x = -12903 + 14097. What is the remainder when x is divided by 170?
4
Let i(n) = -n**3 - 3*n**2 - 2*n + 6. Suppose -504 = 36*u - 72*u. What is the remainder when i(-5) is divided by u?
10
Let p be (-8)/6*4/((-12)/297). Suppose 2*d = 3*n - 23, 5*d = 4*d - 2*n + 6. Let r = d + p. Calculate the remainder when r is divided by 26.
24
Let j = -50 + 334. Let q = j - 160. Calculate the remainder when q is divided by 14.
12
Let d be 3/6*(-330)/(-5). Let z = 31 - d. Let v(k) = 22*k**2 - 3*k - 8. What is the remainder when v(z) is divided by 30?
26
Let y = -20537 - -20824. What is the remainder when 2579 is divided by y?
283
Calculate the remainder when 338 is divided by ((-8)/30)/(-2) - (14 - 5752/60).
10
Let y(n) = -9*n**3 - 3*n**2 - 4*n - 5. Suppose 10 = 3*f + 2*f. Suppose -2 = -m + f*m. What is the remainder when y(m) is divided by 11?
8
Let d = -237 - -229. What is the remainder when 34 is divided by (0 + 1)*(10 - 3 - d)?
4
Let i(m) = -20*m + 100. Let s be -3 - (3 + (-16 - -6)). Suppose 591 = -g + 4*g. Calculate the remainder when g is divided by i(s).
17
Let i(s) = -3*s + 20. Let n be i(5). Suppose m = n*b + 212 - 12, -4*m - 20 = 0. Let w = 60 + b. What is the remainder when w is divided by 11?
8
Calculate the remainder when (452/(-3))/(-1*(-12)/(-18)) is divided by 198.
28
Let l = -10270 + 11266. Calculate the remainder when 1004 is divided by l.
8
Let o be 154/88 + 10/8. Suppose -3*m = 2*m - 5*b - 1925, 1154 = o*m - 4*b. Calculate the remainder when m is divided by 43.
42
Suppose 27 = o + 6. Let c(j) = -j**3 - 22*j**2 + 206*j + 116. Calculate the remainder when c(-29) is divided by o.
8
Suppose 5*y = -3*w - 56, 2*y + 2*w + w = -17. Let k = 9 + y. What is the remainder when -2 + 2 + k - (-3718)/22 is divided by 56?
53
Suppose 0 = -9*b - 7 + 79. Suppose 5*p = 2*j + 12, 0*p = 3*p - 4*j - 10. What is the remainder when 3*p/(-2) - -17 is divided by b?
6
Suppose 2*q = -3*n + 998, -1140 - 224 = -4*n + 4*q. Let r = 371 - n. What is the remainder when 207 is divided by r?
32
Let c = 3 - -12. Let i be 4 + ((-69)/(-15))/(1/5). What is the remainder when 2382/27 + -1 + (-6)/i is divided by c?
12
Suppose -3914 = -31*i - 7*i. Calculate the remainder when 324 is divided by i.
15
Let c = -10228 + 10481. Calculate the remainder when 694 is divided by c.
188
Let f(n) be the third derivative of n**5/60 - n**4/2 - 5*n**3 - 2*n**2 + 92*n. Calculate the remainder when 212 is divided by f(-5).
47
Let q = 1281 - 1165. Calculate the remainder when 927 is divided by q.
115
Let u = -2725 + 2928. What is the remainder when u is divided by 53?
44
Let n = -2690 + 2720. Suppose -3*u - d + 171 = 0, 0*d = u + 5*d - 71. Calculate the remainder when u is divided by n.
26
Let d = -28 + 435. What is the remainder when d is divided by 140?
127
Let u(y) = -y**2 + y - 1. Let l(b) = 6*b**2 + 4*b + 47. Let n(s) = l(s) + 5*u(s). What is the remainder when (4/1)/((-8)/(-172)) is divided by n(-5)?
20
Suppose 24*f = 19*f - 330. Let x = -116 - f. Let j = 65 + x. What is the remainder when j is divided by 8?
7
Suppose -q = b - 3, 2*q = 5*b - 2*q - 15. Suppose -j = -2*y + 115, b*y = -j - 2*j + 186. What is the remainder when 175 is divided by y?
57
Suppose 0 = 33*l - 49*l + 57556 - 2100. Calculate the remainder when l is divided by 68.
66
Suppose -2*d - 22 = -0*o - 4*o, 13 = o - 3*d. Suppose 2*k - 4*v = 8, 3*k = -o*v - 10 + 12. Calculate the remainder when 6 is divided by k.
0
Calculate the remainder when 12841 is divided by -8*(-4)/((-96)/(-57))*(-88)/(-22).
73
Let p = 2368 - -266. Calculate the remainder when p is divided by 139.
132
Let y(t) = 2*t**2. Let c be y(2). Let j(w) = 2*w**2 + 10*w - 85. Let n be j(5). Let b = c + n. What is the remainder when 114 is divided by b?
22
Suppose 0 = -7*z + 8*z - 5*j + 21, 0 = 9*z - 4*j - 98. What is the remainder when 4927 is divided by z?
13
Let l(y) = 25*y - 2. Let m be l(3). Suppose 3*j + 2*f = m, 0 = 3*j + j + 2*f - 96. Let d = -581 + 621. What is the remainder when d is divided by j?
17
Let v(w) = -18*w**3 - 4*w**2 + 50*w + 258. Calculate the remainder when v(-8) is divided by 147.
145
Let b(q) = -53*q - 4245. What is the remainder when 1691 is divided by b(-81)?
11
Let b = 2368 - 2342. What is the remainder when 33 is divided by b?
7
Suppose 0 = 11*h + 455 + 513. Let a = 326 + -157. Let o = h + a. Calculate the remainder when o is divided by 21.
18
Let r = -65 + 77. Let t(n) = n**2 - 10*n + 1. Let f be t(r). Suppose -f*z - 112 = -29*z. Calculate the remainder when z is divided by 6.
4
Let u = 32232 - 32165. Let x = -10 + 7. Let y(v) = -6*v. Calculate the remainder when u is divided by y(x).
13
Suppose -4*p - 8 = 0, 5*p - 6956 = -8*i + 5*i. What is the remainder when i is divided by 45?
27
Let f(t) = 428*t + 2142. What is the remainder when 24 is divided by f(-5)?
0
Suppose 5*g - 39 = -4. Calculate the remainder when 1/6*-2 + -15*444/(-54) is divided by g.
4
Suppose 0 = -4*f, -m - 192 = m - 5*f. Let c = -180 - -30. Let i = m - c. Calculate the remainder when i is divided by 11.
10
Suppose -2*n + 1358 = 2*y - 6*n, 1355 = 2*y - 5*n. What is the remainder when y is divided by 8?
5
Suppose -r + 5*q = 344, -r - 9*q - 341 = -13*q. Let h = r + 387. Suppose 8 = l - 16. Calculate the remainder when h is divided by l.
10
Let u = 94 - 195. Let g be 5220/(-27)*3/(-5). Let l = g + u. What is the remainder when l is divided by 4?
3
Let i = -30 + 51. Let l(g) = g**2 + 11*g + 26. Let k be l(-5). Let p(a) = a**3 + 6*a**2 - 2*a - 2. Calculate the remainder when p(k) is divided by i.
17
Let f = 688 - 671. Let u(y) = -y**2 + 6*y - 5. Let j be u(6). What is the remainder when (j + 103)*(-2)/(-4) is divided by f?
15
Let k(d) = -d**3 - 34*d**2 - 210*d + 13. What is the remai